 - 1268. List the prime factors of l.
2, 5, 31
Let m = 1022 + 7385. What are the prime factors of m?
7, 1201
Let t = 71799 - 16695. What are the prime factors of t?
2, 3, 7, 41
Suppose 0 = 10*z + 81 - 151. Let y(o) = 34*o**2 - o - 34. What are the prime factors of y(z)?
5, 13
Let p = 553 - 548. Suppose -p*t = -3*m - 4036, 0 = -t - 9*m + 5*m + 821. What are the prime factors of t?
809
What are the prime factors of (-37 + 19)/((-2)/2203)?
3, 2203
Suppose 8600 = r - 16*p + 21*p, -3*r - 5*p = -25760. What are the prime factors of r?
2, 3, 5, 11, 13
Suppose 5*m - 13804 = -4*b, -63*m + 3*b + 5494 = -61*m. List the prime factors of m.
2, 13, 53
List the prime factors of 186/124*370/(-12)*328/(-2).
5, 37, 41
Let a(r) = 327*r + 50. Let z be (-3)/2*126/(-189). What are the prime factors of a(z)?
13, 29
Let y(v) = -v**2 - v. Let a(z) = -22*z**2 - 38*z + 3. Let w(h) = -a(h) + 6*y(h). List the prime factors of w(-8).
3, 5, 17
Suppose 227921 = -43*z + 286190 + 580711. What are the prime factors of z?
2, 5, 743
Suppose -44*r = -5731 - 6922 - 14979. List the prime factors of r.
2, 157
Let a be 3 + (4 - (3 - 1)). Suppose a*s - 6 = 4. What are the prime factors of (s + 2)/(3/42)?
2, 7
Let o = 136 - 130. Suppose -7*g + 51 = -o*g. What are the prime factors of g?
3, 17
Suppose 3*x = -2*q + 143, -3*q - 5*x + 170 = -44. Suppose 0 = -4*z + 191 + q. What are the prime factors of z?
2, 3, 11
Suppose -4*h + 137 = 5*r - 0*r, 5*h - 130 = 2*r. Let f = 37 - h. What are the prime factors of -1*6/(-9) - (-849)/f?
5, 19
Let d(f) = -16*f**3 + 9*f**2 - 10*f - 34. What are the prime factors of d(-2)?
2, 3, 5
Suppose -4*r + 164 = -704. Suppose 0 = v - 2*k + 143, 5*v + 4*k + 428 = -r. List the prime factors of (7 - v)*4/10.
2, 7
Let j be (-2)/7 + 60/42*31. Let a = -42 + j. Suppose l - 77 = -2*k + 4*k, -a*k = -4. List the prime factors of l.
3
Suppose 1144 = k - 1533. List the prime factors of k.
2677
Let v be (7 + 0)*((12 - 6) + -5). Suppose f - v*f = -12. Suppose f*y + p = 133, 0*y + 4*p = -y + 49. List the prime factors of y.
3, 23
List the prime factors of (-37046)/(-10) - (27/45)/((-15)/10).
3, 5, 13, 19
Let p(j) = -j**3 - 5*j**2 - 3*j - 11. Let v be p(-5). Suppose v*z + 76 = -5*t + t, -4*z - 80 = 2*t. List the prime factors of (-2108)/(-20) - z/35.
2, 53
Suppose 9*h = 15 + 21. Suppose 2*k + 24 = h. List the prime factors of 4596/30 - 8/k.
2, 7, 11
Suppose -324 = -20*p - 16*p. What are the prime factors of (-1082)/(-4 - (-9)/(p/2))?
541
Let p(h) = -h**3 + 4*h**2 + 9*h - 3. Let d be p(4). Suppose -i - 5 = d. Let c = 40 + i. List the prime factors of c.
2
Let r = 67596 + -21442. What are the prime factors of r?
2, 47, 491
Let o(g) = -g + 6. Let s be o(5). Let c be (s + -5)*((-26)/4 + 6). Suppose c*x + 1 = 7. List the prime factors of x.
3
Suppose -101*s + 111*s - 9110 = 0. List the prime factors of s.
911
Let h = -19 + 35. Let p be 2*(-4)/h*(-1 + -1). List the prime factors of 105 + 4 + p + -4.
2, 53
Let a be (2 + 2)/(0 + (-7)/532). Let j = a - -383. List the prime factors of j.
79
Let w = 25269 + -1182. What are the prime factors of w?
3, 7, 31, 37
Let p(r) = -17*r + 3. Let n(z) = -z. Let f(u) = -4*n(u) + p(u). Suppose -2*j + 4*k + 8 = 0, 17 = -k + 14. List the prime factors of f(j).
29
Let y(r) = -39 - 21*r - 6*r**2 + 5*r**2 - 47. List the prime factors of y(-15).
2
What are the prime factors of 46630 - -5*7/(-140)*(1 - -7)?
2, 11657
Let a = 48907 + -33018. What are the prime factors of a?
15889
List the prime factors of (-2)/((-40)/15) + 549*(-3123)/(-108).
2, 3, 7
Let z be (162 + -159)/((1 + 0)/(-13487)). List the prime factors of z/(-45) + (-2)/15.
29, 31
Let d = -895 - -867. What are the prime factors of 21428/14 - (1 - (-12)/d)?
2, 3, 5, 17
Let y = 1239 + -844. Suppose -5*g + y = x, 908 = 3*x + 5*g - 267. List the prime factors of x.
2, 3, 5, 13
Let b(q) = q + 9 + 12*q - 11*q. Let u be b(-5). What are the prime factors of (u/(-3))/(5/2490)?
2, 83
Let d be (-1)/(-2*(-1)/(-10)). Suppose 3*z + 4 = -d*n, -3*n + n - 4 = 0. Suppose -24 - 45 = -2*v - 3*i, -4*v = -z*i - 114. List the prime factors of v.
2, 3, 5
Let h(x) = 2*x**2 - 3*x - 5. Let c be h(4). Suppose -p = -53 + c. Suppose -40*s + 102 = -p*s. What are the prime factors of s?
3, 17
Suppose 10489232 = 327*g + 95*g. What are the prime factors of g?
2, 13, 239
Let v = -54 + 75. Let c(l) = -12*l - v*l - 5*l. What are the prime factors of c(-2)?
2, 19
Suppose 18487 = -g + 20*g. Suppose d = 4*h - 1303, 3*h = 10*d - 5*d + g. List the prime factors of h.
2, 163
Let n be 92/((-76)/(-19)*1/4). List the prime factors of (2 + 56)/(8/n).
23, 29
Let x(t) = 3*t**2 - 38*t + 25. Let b be x(12). What are the prime factors of (12 - 17)*(-138 + b) + 2?
3, 229
Suppose 9*y + 3 = 10*y. Let j be y/(-5) + 84/15. Suppose j*d - 5*v + 0*v - 860 = 0, 4*d - 685 = 3*v. What are the prime factors of d?
13
Suppose 3*s + 28*s - 354835 = -72*s. List the prime factors of s.
5, 13, 53
Let y(b) = -4*b**3 - 53*b**2 - 153*b - 5. What are the prime factors of y(-23)?
5, 11, 439
Suppose -y - 5*w + 1298 = 0, -7*y - 3*w + 3870 = -4*y. Suppose -155*o = -157*o + y. What are the prime factors of o?
2, 7, 23
Suppose -3*w - 19*h + 52570 = -17*h, -3*w = -4*h - 52612. What are the prime factors of w?
2, 7, 313
Suppose -13 = -25*q + 87. Suppose 8*f - 4*f - 3*g - 1872 = 0, -4*f = -q*g - 1872. What are the prime factors of f?
2, 3, 13
Let p = 17 + -20. Let l be (-16 + 7)/(p/(-2902)). List the prime factors of l/(-54) + -5 + (-4)/18.
2, 3, 13
Let q(j) be the third derivative of -j**5/60 - 11*j**4/12 - 2*j**3/3 - 2*j**2. Suppose -o - 51 = -33. List the prime factors of q(o).
2, 17
Let k(u) = -u**3 + 7*u**2 + 20*u - 234. List the prime factors of k(-23).
2, 7, 271
Suppose -5*u = -42*s + 41*s - 41788, -16 = 2*s. What are the prime factors of u?
2, 2089
Let i(x) = 16*x**2 - 15*x - 520. What are the prime factors of i(-24)?
2, 283
Let d(h) = h**3 - 45*h**2 + 88*h + 3. Let b be d(43). Suppose -b = 3*p - 3395. What are the prime factors of p?
2, 19, 29
Suppose -172 = -5*j - 42. Let y be 99 - (6 - (19 - 3)). Let o = y + j. What are the prime factors of o?
3, 5
Let q be ((-3 - -130)*(4 + -3))/1. Let b = q + 104. What are the prime factors of b?
3, 7, 11
Let m(n) = 42*n**2 + n + 4. Let o(s) = s**3 + 9*s**2 + 23*s + 9. Let j be o(-4). List the prime factors of m(j).
379
Let l(g) be the first derivative of -g**5/20 + 4*g**4/3 + 8*g**3 - 25. Let v(a) be the third derivative of l(a). What are the prime factors of v(-13)?
2, 5, 11
What are the prime factors of 24 - -439 - 4*1/(-2)?
3, 5, 31
Let n(j) = j**2 + 3*j - 25. Suppose 132 = 3*d + 3*i, i - 3*i = d - 46. Suppose -v + 4*v + d = 0. List the prime factors of n(v).
3, 43
Suppose -200*w + 2863750 = -23*w + 943477. List the prime factors of w.
19, 571
Let o be -3*(3*1 - 57/9). Let j be (7/(140/296))/(2/o). Suppose -24*c + 25*c = j. What are the prime factors of c?
2, 37
Suppose x = -3*q + 2*x - 14, 3*q + 5*x = -2. What are the prime factors of (-163)/q + 3/(-4)?
2, 5
List the prime factors of (83488/56)/(10/35).
2, 2609
Let c = 50803 + -33064. List the prime factors of c.
3, 73
Let w(k) = 21*k - 232. Let j be w(11). Let z(p) = -436*p**3 + 2*p**2 - 2*p - 3. What are the prime factors of z(j)?
19, 23
Suppose -317*p + 319*p = 13738. List the prime factors of p.
6869
Let r = 8869 - 2241. Suppose 4*c = 4*v - r, 4*v - 5*c = 7*v - 4955. What are the prime factors of v?
5, 331
Suppose -612 = -29*q + 1418. Suppose -7050 = -q*i + 64*i. List the prime factors of i.
5, 47
Let v(c) = -4*c**2 - 43*c + 12. Let y be (6 - 10)/(-3*6/(-27)). List the prime factors of v(y).
2, 3, 7
Suppose 60 = -5*x - 2*o, 12 + 18 = -2*x - 2*o. Suppose 22*r + 285 = -49*r - 425. What are the prime factors of (5/x - (-46)/(-4))*r?
2, 3, 5
Let p(y) = y**3 - y**2 - 114. Let n be p(0). Suppose 2*l - 18208 = -54*l - 5160. Let s = n + l. What are the prime factors of s?
7, 17
Suppose -113*b - 518 = -112*b. Let i = -245 - b. What are the prime factors of i?
3, 7, 13
Suppose 10*h + 164 = 14*h. Let s = 377 + h. What are the prime factors of s?
2, 11, 19
Suppose -3*t - 255 - 138 = -3*v, -4*v + 5*t = -519. Let s = 317 + v. What are the prime factors of s?
3, 151
Suppose 2*s = 5*x - 3019, -6*x + 2*s + 2416 = -2*x. Let h = 874 - x. What are the prime factors of h?
271
Let f be 5416/(